a**3 + 5*a**2 + 7*a + 2. Let d = 32 + -35. Let z be b(d). Let j = z - -131. What is the tens digit of j?
7
Suppose -2*c + 32078 = 4*u, -3*c + 6*u + 48081 = 3*u. Suppose -37*i + 20*i + c = 0. What is the tens digit of i?
4
Let c(g) = 5*g**3 + g**2. Let v be c(-1). Let o be (v/(-10))/((-4)/(-120)). Suppose 2*i + 0 - o = -4*t, 2*t = -3*i + 10. What is the units digit of t?
2
Let j be (-13)/((-455)/150) + (-4)/14. Suppose 2*s + j = 4*s + 2*p, 0 = -5*s - 2*p + 4. Suppose -4*y + 5*y - 159 = s. What is the tens digit of y?
5
Suppose 376*b - 264151 = 371*b + 4*f, 0 = 5*b + 3*f - 264158. What is the ten thousands digit of b?
5
Let b(d) = -2*d**3 - 4*d**2 + 8*d + 6. Suppose 3*m - 5*j + 38 = 0, -3*m - 4*j - 14 = -3*j. Let i be b(m). What is the tens digit of i/4 - (-18)/(-36)?
6
Suppose -182*r + 185*r + 4*q - 19297 = 0, -12868 = -2*r - q. What is the thousands digit of r?
6
Let i = -14988 + 24138. Suppose -10*y = 5*y - i. What is the hundreds digit of y?
6
Let i = -1678 - -6430. What is the thousands digit of i?
4
Suppose -21*y = -19*y - 5*i - 120976, -181490 = -3*y + i. What is the ten thousands digit of y?
6
Let y be 6/21 - (-14)/(-49). Suppose -3*g + y*g = g. Suppose g = -8*b + 5*b + 414. What is the tens digit of b?
3
Let p(w) = w**3 - 6*w**2 + 10*w - 16. Let k be p(7). Suppose -k = 5*b - 4*a + 15, 3 = -a. What is the units digit of b*(7/(-2) - 0)?
1
Let k = 6083 + -3265. What is the hundreds digit of k?
8
Let n be -1 + 1 + (-2 - -3 - -2). Suppose -3*i + 2*a = -1256, n*i - a - 1021 = 231. What is the tens digit of i?
1
Suppose -13*c = c - 84. Suppose -c*q + 2*q = -320. What is the tens digit of q?
8
Suppose -3*r + 198 = 3*t, -t + 3*r = -72 - 10. Suppose 157*p - t = 150*p. What is the units digit of p?
0
Let g = -664 - -5981. What is the tens digit of g?
1
Suppose 24 = 4*c + 4. Suppose -5*w + 3*p - 14 = -3, -c*w - 13 = -4*p. What is the tens digit of (-2318)/(-18) + (42/(-54) - w)?
2
Let q be 6/(-13) + (-36322)/(-338). Let d be 3 - (0 - 0/(-2)). Let t = q + d. What is the tens digit of t?
1
Let h(k) = 251*k + 4127. What is the thousands digit of h(81)?
4
What is the ten thousands digit of (57766/12 + 83/(-498))*3?
1
Let f = 0 - -29. Suppose 0 = f*z - 33*z + 8. Suppose r + 87 = -z*n + 4*n, 36 = n + r. What is the units digit of n?
1
Let d(i) = 4786*i - 388. What is the tens digit of d(3)?
7
Let i = -3553 + 7570. What is the tens digit of i?
1
Let u(l) = l + 5. Let q be u(-2). Suppose -4*c = -q*o + 563, 2*c + 109 = o - 76. What is the hundreds digit of o?
1
Let z = -132 + 104. Let s(c) = c**2 + 22*c - 62. Let u be s(z). Suppose -2*g - 2*g = -2*x - u, -g - x = -22. What is the tens digit of g?
2
Suppose 9*m - 4*m - 2*z - 11 = 0, 5*m + 5*z = 25. Let v(b) = 14*b**2 - 2*b + 2. Let c be v(2). Suppose 0 = -m*o + 42 + c. What is the tens digit of o?
3
Suppose 7019 + 33038 = 14*i - 5681. What is the units digit of i?
7
Suppose -1034599 = -298*j + 80*j + 3392763. What is the units digit of j?
9
Let r(t) = -44*t**3 - 653*t**3 + 0 - 2*t**2 - 1 - 2*t. Let x be r(-1). Suppose x = -5*v + 11*v. What is the hundreds digit of v?
1
Let n(a) = 4*a - 1. Let x be n(1). Suppose 0 = 3*y - 3 + 9, u - 24 = x*y. Suppose -4*p - u = -3*l + 95, 4*l + 4*p = 160. What is the tens digit of l?
3
Let z(c) = -8*c**2 - 17*c + 35. Let o(j) = -4*j**2 - 9*j + 17. Let v(a) = 11*o(a) - 6*z(a). What is the units digit of v(12)?
9
Let x be -14*(66/12 + 2). Let l = 377 + x. What is the tens digit of l?
7
Let a = -7159 + 15222. What is the thousands digit of a?
8
Let x(b) = 8*b - 14. Let y be x(-11). Let r = y - -106. Suppose 0 = o + 5*l + 4, -5*o - r*l - 2 = -4*o. What is the units digit of o?
6
Let d(h) = h**2 + 5*h - 11. Let s be d(-6). What is the tens digit of (160 + s)*1 - (-6)/2?
5
Let t(j) = -11*j**2 - 160*j + 164*j - j**3 - 15 + 5*j**2. Let c = 38 - 45. What is the units digit of t(c)?
6
Let v(n) = 578*n**2 - 42*n - 388. What is the tens digit of v(-8)?
4
Let b(x) = 10*x**2 + 36*x - 16. Let j be b(-11). What is the hundreds digit of ((-9)/6)/((-1)/j + 0)?
1
What is the units digit of (-20441)/(-7) + 258/301?
1
Let k = 5938 - -6833. What is the thousands digit of k?
2
Let t be (-1163)/5 + 3/5. Let i = t + 558. Suppose -w + 4*w - i = -5*x, w - 109 = -2*x. What is the hundreds digit of w?
1
Suppose 0 = 3*l + 2*o + 100, -43*o + 39*o + 52 = -l. What is the hundreds digit of (2 - -1106) + l/(-9)?
1
Suppose 0 = 2*l + 5*b + 76 - 13, -112 = 4*l - 4*b. Let a = 29 + l. Suppose 10*c + 55 - 515 = a. What is the units digit of c?
6
Let w(c) = -2066*c**3 + 58*c**2 + 167*c - 30. What is the ten thousands digit of w(-3)?
5
Let o(m) be the third derivative of -71*m**4/24 - 173*m**3/3 - 3*m**2 - 9. What is the units digit of o(-19)?
3
Let r be (0 + -1)*(-15 - -16)*1. What is the units digit of (-31 + 16)/((-9)/(-438)*r)?
0
Let b be -1*(0 - 2)*-7. Let z = 1273 + -1269. What is the units digit of z/b + 11803/77?
3
Suppose -28*a + 43*a - 208305 = 0. Suppose -5265 = -19*c + a. What is the units digit of c?
8
Let j(a) = -a - 7. Let b be j(-12). Suppose -b*i = 4*k + 5 + 2, 2*i = -k + 2. What is the tens digit of (81/2)/((-6)/k)?
5
Let x(w) = -8*w**2 - 19*w + 60. Let h be x(-16). What is the hundreds digit of (-2)/(2 + 1 + 5060/h)?
4
Let r be -3 - (-8 + 7)*2*6. Let t(g) = 2*g**2 - 27*g + 183. What is the tens digit of t(r)?
0
Let n = 92258 + -47927. What is the units digit of n?
1
Suppose -11*v + 40*v - 179873 = 10*v. What is the tens digit of v?
6
Suppose -5*i - 5678 = -7*i. Suppose 0 = 5*r - 2*x - 14127, 0*r = r + 3*x - i. Suppose 15*j - r = 53. What is the hundreds digit of j?
1
Suppose 0 = 68*r - 66*r - 2. What is the tens digit of -1*r*(-4806)/18?
6
Let n = 1314 - 115. What is the thousands digit of n?
1
Let g(x) = -21*x + 58. Let i = -975 - -942. What is the units digit of g(i)?
1
Let h(j) be the third derivative of -j**4/12 + 27*j**3/2 - 44*j**2. What is the units digit of h(-37)?
5
Suppose 30*s - w + 208603 = 34*s, -s = -w - 52157. What is the hundreds digit of s?
1
Suppose 3*j - 4365 = -c + 82711, 2*j - c - 58049 = 0. What is the units digit of j?
5
Let j(w) = 866*w - 31. Let y be j(6). What is the tens digit of (y/25)/1 - (-4)/10?
0
Let c = -10 - -76. What is the units digit of 74/(-3)*c/(-4)?
7
What is the units digit of 0 + -1 + 0 + (5183 - -33)?
5
Let p(d) = 128*d - 7. Let c = -317 - -321. What is the hundreds digit of p(c)?
5
Suppose 7*f + 24*f - 331867 = 8*f. What is the ten thousands digit of f?
1
Let d(f) = 219*f**2 - 43*f - 223. What is the thousands digit of d(-9)?
7
Let l(r) = 14554*r**2 + 17*r - 1. What is the units digit of l(-1)?
6
Let s be 6 - 48643/(1/(-1)). Suppose 19*h = -19522 + s. What is the tens digit of h?
3
Let h be 8/8*(-1)/((-4)/(-4)). What is the hundreds digit of -2*h/(2/(-67))*-2?
1
Suppose 8*x - 9 = 7*x. Suppose -m + 4*f = m - 20, -3*f = x. Suppose 2*o - 3*o = 4*u - 31, -104 = -m*o + 4*u. What is the units digit of o?
7
Suppose -4*d - 12 = -3*y + 6*y, 0 = y + 4*d - 4. Let j(o) = 2*o**2 - 7*o - 2. Let i be j(5). Let l = i + y. What is the units digit of l?
5
What is the units digit of (90/1365*-26)/(4/(-36694))?
6
Let o = 4591 - 3268. Suppose -2633 = -4*d + o. What is the tens digit of d?
8
Let r = -1175 - -838. Let x = r + 1494. What is the thousands digit of x?
1
Suppose -4*w + 3*l + 116557 = 0, -2*l = 12*w - 13*w + 29133. What is the thousands digit of w?
9
Let a(i) = -i**3 + 12*i**2 + 32*i - 13. Let q be a(14). Let w = q - -51. What is the units digit of w?
4
Let b(t) = -244*t - 1689. What is the hundreds digit of b(-38)?
5
Let d(z) = -39*z - 156. Let t(a) = -118*a - 468. Let g(r) = -11*d(r) + 4*t(r). What is the units digit of g(-18)?
8
Suppose -10652*l = -10659*l + 39382. What is the hundreds digit of l?
6
Suppose -6*o - w + 21048 = 0, 9*o - 12*o = -w - 10524. What is the thousands digit of o?
3
Suppose 0 = -7*q + 8*q - 5. Suppose -5*k = r - 3 - 136, 0 = 3*r - q*k - 417. What is the units digit of r?
9
Let r = -400 - -392. Let v(j) = -4*j**2 - 102*j + 9. What is the tens digit of v(r)?
6
Suppose 4*g = 2243*o - 2246*o + 37502, g + 50009 = 4*o. What is the hundreds digit of o?
5
Let j(f) = -f**3 + f. Let l(m) = -4*m**3 - 8*m**2 + 33*m + 13. Let g(u) = -5*j(u) + l(u). What is the tens digit of g(7)?
6
Let c(z) = -13*z + 14658. What is the ten thousands digit of c(0)?
1